 16708 is divided by 642.
16
Calculate the remainder when 7673 is divided by 3823.
27
Calculate the remainder when 42162 is divided by 42151.
11
Calculate the remainder when 305533 is divided by 112.
109
Calculate the remainder when 52390 is divided by 26189.
12
Calculate the remainder when 117431 is divided by 72.
71
What is the remainder when 2590 is divided by 1289?
12
Calculate the remainder when 1462 is divided by 135.
112
What is the remainder when 5653 is divided by 401?
39
What is the remainder when 3441 is divided by 1576?
289
What is the remainder when 11647 is divided by 233?
230
Calculate the remainder when 90523 is divided by 425.
423
What is the remainder when 8689 is divided by 1231?
72
Calculate the remainder when 11352 is divided by 472.
24
Calculate the remainder when 1060 is divided by 350.
10
What is the remainder when 45693 is divided by 238?
235
What is the remainder when 50234 is divided by 761?
8
What is the remainder when 57499 is divided by 2053?
15
Calculate the remainder when 20746 is divided by 23.
0
Calculate the remainder when 26155 is divided by 82.
79
What is the remainder when 100763 is divided by 629?
123
Calculate the remainder when 243884 is divided by 161.
130
Calculate the remainder when 7507 is divided by 73.
61
Calculate the remainder when 2680 is divided by 786.
322
Calculate the remainder when 540662 is divided by 787.
780
What is the remainder when 6568 is divided by 173?
167
What is the remainder when 5555464 is divided by 994?
992
Calculate the remainder when 434 is divided by 97.
46
Calculate the remainder when 2810500 is divided by 204.
196
What is the remainder when 72792 is divided by 773?
130
What is the remainder when 238236 is divided by 286?
284
Calculate the remainder when 189304 is divided by 1538.
130
Calculate the remainder when 4150691 is divided by 159.
155
What is the remainder when 25561 is divided by 465?
451
Calculate the remainder when 927 is divided by 174.
57
Calculate the remainder when 936 is divided by 40.
16
Calculate the remainder when 10163 is divided by 277.
191
Calculate the remainder when 20325 is divided by 508.
5
What is the remainder when 477616 is divided by 9365?
1
What is the remainder when 718 is divided by 141?
13
Calculate the remainder when 9047 is divided by 475.
22
What is the remainder when 3287 is divided by 274?
273
What is the remainder when 10358 is divided by 774?
296
What is the remainder when 235254 is divided by 4801?
5
Calculate the remainder when 3943 is divided by 141.
136
What is the remainder when 55792 is divided by 11158?
2
Calculate the remainder when 1413087 is divided by 16.
15
What is the remainder when 3195 is divided by 794?
19
Calculate the remainder when 6740 is divided by 3311.
118
What is the remainder when 20476 is divided by 10238?
0
What is the remainder when 1653 is divided by 371?
169
What is the remainder when 579660 is divided by 4?
0
Calculate the remainder when 3206 is divided by 69.
32
What is the remainder when 861328 is divided by 38?
20
What is the remainder when 190705 is divided by 32?
17
Calculate the remainder when 32188 is divided by 1111.
1080
What is the remainder when 1273 is divided by 96?
25
Calculate the remainder when 51897 is divided by 17.
13
Calculate the remainder when 5776 is divided by 1925.
1
Calculate the remainder when 489 is divided by 487.
2
What is the remainder when 6290 is divided by 561?
119
Calculate the remainder when 11051 is divided by 51.
35
Calculate the remainder when 54869 is divided by 686.
675
Calculate the remainder when 363823 is divided by 175.
173
What is the remainder when 56360 is divided by 4024?
24
Calculate the remainder when 19573 is divided by 4890.
13
What is the remainder when 8085 is divided by 300?
285
What is the remainder when 2726 is divided by 115?
81
What is the remainder when 2273 is divided by 724?
101
What is the remainder when 2922 is divided by 415?
17
Calculate the remainder when 199441 is divided by 238.
235
Calculate the remainder when 3500 is divided by 3495.
5
Calculate the remainder when 576862 is divided by 278.
12
Calculate the remainder when 1912 is divided by 421.
228
Calculate the remainder when 156 is divided by 33.
24
Calculate the remainder when 753256 is divided by 226.
224
Calculate the remainder when 86253 is divided by 692.
445
Calculate the remainder when 173897 is divided by 18.
17
What is the remainder when 3490 is divided by 250?
240
What is the remainder when 10760 is divided by 5379?
2
What is the remainder when 20732 is divided by 238?
26
Calculate the remainder when 441527 is divided by 32.
23
What is the remainder when 9169 is divided by 3047?
28
Calculate the remainder when 28596 is divided by 469.
456
What is the remainder when 14142 is divided by 4649?
195
What is the remainder when 6377 is divided by 1273?
12
Calculate the remainder when 4481 is divided by 447.
11
What is the remainder when 10952 is divided by 31?
9
Calculate the remainder when 137621 is divided by 1101.
1097
Calculate the remainder when 4158 is divided by 1199.
561
Calculate the remainder when 59855 is divided by 843.
2
What is the remainder when 13330 is divided by 209?
163
What is the remainder when 7775096 is divided by 815?
811
What is the remainder when 4599 is divided by 1270?
789
What is the remainder when 76606 is divided by 107?
101
What is the remainder when 66078 is divided by 236?
234
What is the remainder when 166820 is divided by 41701?
16
What is the remainder when 4012 is divided by 93?
13
Calculate the remainder when 247382 is divided by 1933.
1891
Calculate the remainder when 142 is divided by 21.
16
Calculate the remainder when 48059 is divided by 763.
753
Calculate the remainder when 22942 is divided by 12.
10
Calculate the remainder when 4216 is divided by 101.
75
Calculate the remainder when 14877 is divided by 14866.
11
What is the remainder when 2215 is divided by 225?
190
Calculate the remainder when 115 is divided by 99.
16
Calculate the remainder when 904423 is divided by 524.
523
Calculate the remainder when 30288 is divided by 9827.
807
What is the remainder when 35449 is divided by 8862?
1
Calculate the remainder when 11245 is divided by 5609.
27
Calculate the remainder when 289 is divided by 288.
1
What is the remainder when 412589 is divided by 16?
13
What is the remainder when 1539 is divided by 72?
27
What is the remainder when 21509 is divided by 247?
20
What is the remainder when 2469 is divided by 734?
267
Calculate the remainder when 4171 is divided by 81.
40
What is the remainder when 471779 is divided by 68?
63
Calculate the remainder when 25741 is divided by 1581.
445
What is the remainder when 11879 is divided by 135?
134
What is the remainder when 247406 is divided by 114?
26
What is the remainder when 19624 is divided by 9804?
16
What is the remainder when 51482 is divided by 39?
2
Calculate the remainder when 9087 is divided by 534.
9
Calculate the remainder when 35584 is divided by 82.
78
Calculate the remainder when 77685 is divided by 78.
75
Calculate the remainder when 4888 is divided by 112.
72
What is the remainder when 14833 is divided by 1854?
1
Calculate the remainder when 2080406 is divided by 693467.
5
What is the remainder when 375267 is divided by 501?
18
What is the remainder when 2982 is divided by 187?
177
Calculate the remainder when 377122 is divided by 3169.
11
What is the remainder when 90642 is divided by 23?
22
What is the remainder when 7989 is divided by 739?
599
Calculate the remainder when 3081463 is divided by 67.
66
Calculate the remainder when 4110 is divided by 50.
10
What is the remainder when 55477 is divided by 13863?
25
What is the remainder when 15974 is divided by 884?
62
Calculate the remainder when 5534 is divided by 16.
14
What is the remainder when 169258 is divided by 84624?
10
Calculate the remainder when 46605 is divided by 1119.
726
What is the remainder when 705845 is divided by 11?
8
What is the remainder when 27252 is divided by 9023?
183
Calculate the remainder when 1285 is divided by 885.
400
Calculate the remainder when 38428 is divided by 45.
43
What is the remainder when 21800 is divided by 3625?
50
Calculate the remainder when 4939 is divided by 59.
42
Calcul